lculate the remainder when 507665 is divided by 169213.
26
Calculate the remainder when 6343822 is divided by 1142.
12
Calculate the remainder when 93878590 is divided by 101.
100
Calculate the remainder when 73340844 is divided by 8148982.
6
What is the remainder when 27572 is divided by 198?
50
Calculate the remainder when 2512146 is divided by 184.
178
What is the remainder when 5531298 is divided by 4184?
50
Calculate the remainder when 342874 is divided by 48950.
224
What is the remainder when 1452055 is divided by 15447?
37
Calculate the remainder when 69087 is divided by 447.
249
Calculate the remainder when 3201171 is divided by 4606.
1
Calculate the remainder when 45050 is divided by 178.
16
What is the remainder when 3500837 is divided by 472?
13
What is the remainder when 13430617 is divided by 4476655?
652
Calculate the remainder when 69323 is divided by 3785.
1193
Calculate the remainder when 8105100 is divided by 695.
10
Calculate the remainder when 1326049 is divided by 219.
4
Calculate the remainder when 265270 is divided by 7223.
5242
Calculate the remainder when 3501238 is divided by 16.
6
What is the remainder when 65084 is divided by 63010?
2074
What is the remainder when 35012 is divided by 4180?
1572
What is the remainder when 221609 is divided by 31617?
290
What is the remainder when 3099379 is divided by 140880?
19
Calculate the remainder when 29196697 is divided by 481.
478
What is the remainder when 14411293 is divided by 14411271?
22
Calculate the remainder when 1387327 is divided by 284.
271
What is the remainder when 608240590 is divided by 5927?
5923
Calculate the remainder when 23046190 is divided by 15.
10
Calculate the remainder when 8253884 is divided by 750.
134
Calculate the remainder when 62854433 is divided by 10475735.
23
What is the remainder when 29663 is divided by 29176?
487
What is the remainder when 440980 is divided by 16326?
178
What is the remainder when 59750757 is divided by 8632?
53
Calculate the remainder when 45976350 is divided by 621.
615
What is the remainder when 499249 is divided by 498710?
539
What is the remainder when 1291849800 is divided by 47?
45
Calculate the remainder when 14255556 is divided by 76.
8
What is the remainder when 63779439 is divided by 42463?
13
Calculate the remainder when 15405542 is divided by 46968.
38
What is the remainder when 3675056 is divided by 11413?
70
Calculate the remainder when 986084983 is divided by 83.
80
Calculate the remainder when 48035424 is divided by 2287401.
3
What is the remainder when 6106 is divided by 1197?
121
What is the remainder when 18339 is divided by 3756?
3315
What is the remainder when 8729 is divided by 257?
248
Calculate the remainder when 354753 is divided by 378.
189
What is the remainder when 5394476 is divided by 1014?
1010
What is the remainder when 133308 is divided by 308?
252
What is the remainder when 338594 is divided by 2624?
98
What is the remainder when 13822259 is divided by 92?
87
What is the remainder when 29443077 is divided by 7360762?
29
Calculate the remainder when 50434528 is divided by 3560.
8
Calculate the remainder when 279558 is divided by 19035.
13068
What is the remainder when 362920 is divided by 423?
409
What is the remainder when 202085 is divided by 202048?
37
Calculate the remainder when 4241148 is divided by 1413703.
39
What is the remainder when 3964366 is divided by 4?
2
Calculate the remainder when 3080518 is divided by 7919.
27
Calculate the remainder when 388969 is divided by 963.
880
What is the remainder when 295015 is divided by 36547?
2639
Calculate the remainder when 4830265 is divided by 1609963.
376
What is the remainder when 5044850 is divided by 2522398?
54
What is the remainder when 2389772 is divided by 14661?
29
Calculate the remainder when 27552 is divided by 4312.
1680
What is the remainder when 459297 is divided by 30587?
492
Calculate the remainder when 240655513 is divided by 760.
753
What is the remainder when 6362 is divided by 3812?
2550
Calculate the remainder when 1354129 is divided by 451160.
649
What is the remainder when 2516193 is divided by 838563?
504
What is the remainder when 368255 is divided by 193?
11
Calculate the remainder when 1485855 is divided by 2841.
12
Calculate the remainder when 16423166 is divided by 4105782.
38
Calculate the remainder when 31089556 is divided by 5181590.
16
Calculate the remainder when 5687 is divided by 4303.
1384
What is the remainder when 4975469 is divided by 46938?
41
Calculate the remainder when 2132287 is divided by 1262.
769
What is the remainder when 19540 is divided by 448?
276
What is the remainder when 533084 is divided by 532712?
372
Calculate the remainder when 48388 is divided by 3512.
2732
Calculate the remainder when 37755404 is divided by 5393624.
36
Calculate the remainder when 11280819 is divided by 4214.
4155
Calculate the remainder when 639088 is divided by 248.
240
Calculate the remainder when 86346 is divided by 771.
765
What is the remainder when 241005209 is divided by 3585?
3584
What is the remainder when 1165193 is divided by 582591?
11
Calculate the remainder when 2798792 is divided by 320.
72
What is the remainder when 46922 is divided by 2875?
922
Calculate the remainder when 2518825 is divided by 1061.
11
Calculate the remainder when 22252753 is divided by 1419.
1414
What is the remainder when 28284 is divided by 25608?
2676
What is the remainder when 1951457 is divided by 78?
53
Calculate the remainder when 1290154 is divided by 68.
58
What is the remainder when 2610340 is divided by 436?
8
Calculate the remainder when 671276445 is divided by 5525.
5520
What is the remainder when 330255 is divided by 154?
79
Calculate the remainder when 55494066 is divided by 54.
48
What is the remainder when 309178 is divided by 10305?
28
What is the remainder when 441843 is divided by 172?
147
Calculate the remainder when 62517 is divided by 4223.
3395
What is the remainder when 247963 is divided by 9536?
27
Calculate the remainder when 84235 is divided by 616.
459
Calculate the remainder when 82545618 is divided by 705.
693
What is the remainder when 8876 is divided by 419?
77
Calculate the remainder when 88968 is divided by 2928.
1128
Calculate the remainder when 2131233 is divided by 2342.
13
Calculate the remainder when 2383488 is divided by 175.
163
Calculate the remainder when 61665 is divided by 61544.
121
Calculate the remainder when 424205 is divided by 562.
457
Calculate the remainder when 458087 is divided by 114433.
355
Calculate the remainder when 8146358 is divided by 2897.
2891
Calculate the remainder when 4577373 is divided by 2288668.
37
Calculate the remainder when 2924370 is divided by 232.
10
What is the remainder when 1039689 is divided by 148524?
21
Calculate the remainder when 64146 is divided by 1280.
146
Calculate the remainder when 5450727 is divided by 399.
387
Calculate the remainder when 14294282 is divided by 2040.
2
Calculate the remainder when 2964443 is divided by 32.
27
What is the remainder when 7756690 is divided by 37?
10
What is the remainder when 887075 is divided by 4392?
4283
What is the remainder when 2894179 is divided by 3319?
11
Calculate the remainder when 1030675 is divided by 359.
345
What is the remainder when 1882429 is divided by 243?
151
Calculate the remainder when 1761755 is divided by 151.
38
Calculate the remainder when 109687 is divided by 2199.
1936
Calculate the remainder when 50353 is divided by 1026.
79
Calculate the remainder when 486301 is divided by 3827.
272
What is the remainder when 25545283 is divided by 1016?
1011
What is the remainder when 26740985 is divided by 469?
12
What is the remainder when 37679 is divided by 3745?
229
What is the remainder when 8176 is divided by 2391?
1003
Calculate the remainder when 11383949 is divided by 50.
49
Calculate the remainder when 155274 is divided by 12646.
3522
What is the remainder when 849484 is divided by 141575?
34
Calculate the remainder when 10757583 is divided by 5053.
4799
What is the remainder when 12132115 is divided by 83?
5
Calculate the remainder when 800073 is divided by 7920.
153
What is the remainder when 418124 is divided by 206?
150
Calculate the remainder when 4349618 is divide